/(-2))/(p/(-56)). Let o(i) = 20*i. Calculate o(x).
-20
Let x(c) = 8*c + 19*c - 8*c - 2*c**2 + 5*c + 48. Give x(14).
-8
Let h(b) be the second derivative of -2*b**2 + 1/12*b**4 - 2*b + 0 + 7/6*b**3. Let o = 315 - 322. Determine h(o).
-4
Let k(j) = 126*j - 125*j - 1194 + 9*j**2 + 1204 - j**3. What is k(9)?
19
Let w be 913/154 + (-7)/(-98). Let h(y) = y**3 - 6*y**2 - 3*y + 12. Calculate h(w).
-6
Let d(p) = p**3 + 6*p**2 - 6*p + 2. Let s(b) = -4*b + 80. Let j be s(20). Let a = j + -7. What is d(a)?
-5
Let o(r) = -5*r**2 + 114*r + 110. Let p(j) = -j**2 + 24*j + 27. Let u(h) = 2*o(h) - 9*p(h). What is u(3)?
4
Suppose -2114 = -2*c - 2088. Suppose b + 3*j = c, 3*j - 6 = -0*j. Let q(y) be the first derivative of y**4/4 - 8*y**3/3 + 7*y**2/2 + 8*y - 1. Determine q(b).
8
Let v(o) = -17*o**2 - 14*o + 11. Let z(s) = 5*s**2 + 5*s - 3. Let l(f) = -f**2 - 11*f - 26. Let a be l(-4). Let w(h) = a*v(h) + 7*z(h). What is w(-5)?
-9
Let i(w) be the first derivative of w**3/3 - 7*w**2 + 4*w - 7029. Determine i(6).
-44
Let b(h) = 0*h**2 - 5*h**2 + 4*h - 11165 + 11149 + h + 4*h**2. Calculate b(8).
-40
Let q(f) = f**3 + f + 6. Let u = -207 - -205. What is q(u)?
-4
Suppose -211 - 165 = 498*d + 122. Let a(r) = 1. Let y(n) = 2*n - 2. Let t(h) = -a(h) - y(h). What is t(d)?
3
Let v(d) = -d**2 + 13*d - 24. Suppose 0 = 3*r - 5*a + 13 - 41, 49 = 4*r + 5*a. What is v(r)?
-2
Let m(z) = 5*z**3 + 24*z**2 - 14*z + 25. Let q(l) = 2*l**3 + 4*l**2 + l + 2. Let g(x) = m(x) - 2*q(x). What is g(-17)?
4
Let y(q) = 281*q**2 + 3*q**3 - 8 - 7*q + 1 - 276*q**2 - 2*q**3. Determine y(-4).
37
Suppose 4*f = 6*f + 4*v + 4, 10 = f - v. Let i(l) = l - 8*l + 6*l + 7 - f*l + l**2. Suppose -d + 23 = -4*r, 4*d + 3 = -0*d - 3*r. Determine i(d).
-5
Let p(f) = f**3 - 4*f**2 - 2*f. Let s(b) be the first derivative of 3*b**2/2 + 10*b - 5. Let n be s(-6). Let o be 10/n*(-10 + 6). Determine p(o).
15
Let o = -15755 + 15747. Let u(y) = y**2 + 19*y + 23. What is u(o)?
-65
Let w(y) = -17*y + 1. Let j = 27 + -22. Let r be ((84/(-30))/(-7))/((-2)/(-20)). Suppose -u + r + 10 = -3*m, -4*u + 21 = -j*m. Calculate w(u).
18
Let b(c) be the first derivative of -c**2/2 + 7*c - 1040. Give b(2).
5
Let z(r) = -116*r + 977. Let x(c) = 67*c - 488. Let a(p) = 5*x(p) + 3*z(p). Calculate a(38).
-3
Suppose -2*u + 20 = 3*q - 26, -34 = -2*q - 2*u. Suppose 0 = q*y + 32 + 4. Let b(i) = -i - 5. Determine b(y).
-2
Let k(v) = -677 + 1360 - 7*v + 0*v - 685. What is k(2)?
-16
Let t(c) be the second derivative of -c**3/3 - 9*c**2 + 940*c. Give t(-10).
2
Let y(l) be the second derivative of -l**6/360 - l**5/40 + 47*l**4/4 + l - 14. Let q(j) be the third derivative of y(j). What is q(-6)?
9
Let c(h) = 8*h - 132 + 42 + 37 + 32 + 31. Give c(-4).
-22
Let h be 1 + (3 - 2)*(1 + -2). Let i(y) = 16*y - 1. Give i(h).
-1
Let i(g) = g**2 + g. Let f(u) = 4*u**2 - 5*u - 11. Let r(d) = f(d) - 5*i(d). Suppose y + 42*y + 142 = -202. What is r(y)?
5
Let j be (-48)/(-80) - 14/(-10). Let n(o) = 3*o + 6. Give n(j).
12
Let d(b) = -14*b - 39. Let k(x) = -181*x - 3450. Let g be k(-19). Give d(g).
115
Let i(g) = g**3 + g - 1. Suppose 3*a + 755 = -2*a. Let z = 153 + a. Suppose 8 = -k + 4*u - 2*u, 0 = -2*k - z*u + 14. What is i(k)?
9
Let b(k) = 3*k - 39. Let x = 2844 + -2827. Calculate b(x).
12
Let g(p) = 29*p**2 + 32*p + 110. Let b(c) = 26*c**2 + 31*c + 101. Let u(y) = 11*b(y) - 10*g(y). Calculate u(6).
-7
Suppose 548*d = 4*t + 544*d + 36, 0 = -2*d + 8. Let p(a) = -2*a - 22. Give p(t).
-12
Let y(s) = 57*s + 461. Let k(q) = q**3 + 36*q**2 - 39*q - 82. Let r be k(-37). Calculate y(r).
5
Suppose 8*m = 9*m - 2. Suppose 14 = m*g - 2*c, 0 = -3*c - 0 - 3. Suppose 2*v - y + 11 = g*v, 0 = 3*y + 15. Let q(n) = -n - 4. Determine q(v).
-8
Let s(d) = 3*d**2 + d + 11. Let c(p) = p**2 + 5. Let b(n) = 5*c(n) - 2*s(n). Suppose 23*f - 26*f = -6 - 3. Determine b(f).
-12
Let u(g) = g - 7. Let d be u(-8). Let m = d + 8. Let k be 50/(-7) + (-1)/m. Let n(f) = -3*f - 7. Calculate n(k).
14
Let t(s) = -s**3 - 7*s**2 - s + 7. Suppose 0 = 14*z - 24*z - 700. Let k be 8/(-14) + (-45)/z*-10. Give t(k).
14
Let o(m) = -635 + 1921 + 11*m - 625 - 606. Determine o(-6).
-11
Let t = -316 - -134. Let v = 179 + t. Let w(b) = -13*b + 2. Determine w(v).
41
Let h(a) = a**3 - 6*a**2 + 5*a - 14. Suppose -4*n - 20 = 0, -33 = 2*g + 2*n - 31. Calculate h(g).
-26
Let i = -18 + 11. Let u(a) = -1542*a + 12 - a**2 + 1537*a + 1. Let w be u(i). Let f(q) = -11*q + 1. Calculate f(w).
12
Suppose 2*j + 39 = 3*o, -3*j - 16 = 3*o - 70. Let x be ((-8)/10)/(o/(-2250)). Let i(n) = 57*n + 65*n - x*n + 4. Give i(-3).
-2
Let a(n) be the second derivative of n**5/20 - n**4/2 + 5*n**3/6 - 3*n**2/2 + 1168*n. What is a(4)?
-15
Let j = -25052 + 25057. Let i(c) = 8*c**2 - 36*c - 2. What is i(j)?
18
Let a(h) = 2*h**3 - 4*h**2 + 3*h. Let c = -797 + 797. Suppose 2*f = -5 + 19. Suppose 5*d + r - 8 = c, -f*d + 4*d = -5*r - 16. Give a(d).
6
Let i(r) = -104*r + 60*r + 15 + 35 + 39*r. Determine i(8).
10
Let v(h) = 11*h - 22. Suppose 29*k = -2*c + 24*k + 30, 2*k - 8 = 0. Determine v(c).
33
Let x(l) be the first derivative of -l**4/4 + 4*l**3/3 - 4*l + 3. Suppose -216*j - 24 = -222*j. Suppose 2*b - j*g = 6*b, 4*b = g + 15. What is x(b)?
5
Suppose 48 = 4*z - 0. Suppose -z = -6*h - 0. Let d(x) = -1 + x**h - 2 - 94*x + 101*x. Give d(-5).
-13
Let r(d) = d**3 + 2*d - 5. Suppose 4*l + 21 = -h, -3*l + h = -11 + 18. What is r(l)?
-77
Let i(q) be the third derivative of -q**6/120 - q**5/5 + 29*q**4/24 + 10*q**3/3 - 36*q**2. Let t be i(-14). Suppose 2*a + t = -a. Let j(p) = 4*p - 2. Give j(a).
-10
Let l(x) be the first derivative of -x**3 - 21*x**2 + 35*x + 1520. Give l(-15).
-10
Let c = -487 + 707. Let h = c + -217. Let w(t) = -t**2 + 3*t + 2. What is w(h)?
2
Let j be 23/2 + (-3)/6 - 10. Let s(q) = -69*q - 2. What is s(j)?
-71
Let h(j) be the first derivative of 37*j**2/2 - 481*j - 917. Calculate h(13).
0
Let r(h) = -h - 39. Let a(i) = 466*i - 2811. Let x be a(6). What is r(x)?
-24
Let c(q) = -4*q - 6. Let b(l) = 4 - 2 + 5*l - 1 + 7. Let s(o) = 2*b(o) + 3*c(o). Suppose -7 + 25 = 6*r. Determine s(r).
-8
Let t(d) = d**3 - 3*d**2 + 2*d**2 - 12*d + 3 - 16*d - 14*d + 29*d. Give t(-3).
6
Let f(m) = -3*m**2 - 3*m + 2. Let p be (-2 + 2 + 3 + -4)*102. Let t = p - -105. Give f(t).
-34
Let l(a) be the third derivative of a**7/1680 + a**6/36 + 53*a**5/30 - 121*a**2. Let r(z) be the third derivative of l(z). Determine r(-6).
2
Let v(t) = -4*t**3 + 3*t**2 - t. Let r be 14/245 + (-462)/(-490). Determine v(r).
-2
Let d(t) = t**3 - 5*t**2 - 2*t - 3. Suppose 5*w + 57 = -2*a, 0 = a - 2*w - w + 23. Let s = 27 + a. Let z be (0/1)/s - -5. Determine d(z).
-13
Let k(l) = 32*l + 59. Let n be k(-2). Let g(v) = 4*v**3 - 22*v**2 + 16*v + 22. Let u(t) = -t**3 + 7*t**2 - 5*t - 7. Let s(f) = 2*g(f) + 7*u(f). Give s(n).
10
Let f = 5 - 3. Let c(i) = 13*i**2 + 7. Let o(l) be the second derivative of 7*l**4/3 + 15*l**2/2 + 17*l. Let q(r) = 13*c(r) - 6*o(r). Calculate q(f).
5
Let d = 11533 + -1984. Let y(p) = -2*p - p + 9560 - d. Give y(6).
-7
Let b(m) = m**2 + 205*m - 206. Let f be b(1). Let v(u) be the third derivative of 2/3*u**3 - 5*u**2 + 1/24*u**4 + 0 + f*u. Give v(7).
11
Suppose -2*q - 26 = -f - 4*f, -28 = 3*q - 2*f. Let b = -8 - q. Let p(t) be the first derivative of -t**2/2 + 7*t + 14. Give p(b).
7
Let b(w) be the second derivative of -w**4/4 + 2*w**3/3 + 3*w**2/2 - 3*w - 1. Let j(f) = -f + 19. Let a be j(20). Let d = a - 1. Determine b(d).
-17
Let f(d) = -3*d**3 + 9*d**2 + 19*d + 2. Let g(c) = c**3 - 4*c**2 - 3*c - 1. Let y(n) = -f(n) - 4*g(n). Calculate y(7).
-47
Let a(m) = m**3 + 3*m**2 - 5*m - 11. Let k = 966 + -969. Determine a(k).
4
Let o = -937 - -933. Let z(r) = -r**2 - 6*r - 11. Give z(o).
-3
Let a(x) = 3*x - 4. Let o(u) = 7*u - 9. Suppose 5*p = -2*z + 26, -4*p + 18 = z + 2*z. Let i(f) = p*o(f) - 13*a(f). What is i(-4)?
-14
Let b(g) be the second derivative of 4 - 7/6*g**3 + 5/2*g**2 + 1/12*g**4 - 2*g. Give b(2).
-5
Let w be ((-8)/2)/(12/18). Let r(x) = -3*x - 17. Determine r(w).
1
Suppose 4*r = 2*r + 2*o + 14, 0 = -4*o. Let i be (-5 + (7 - 2))/1. Let y(f) = 0*f**2 - f**3 + i*f - 5 - 7*f + 4*f**2 + 4*f**2. Calculate y(r).
-5
Let j(s) be the first derivative of -15*s**2/2 + 23*s - 454. Give j(6).
-67
Let s = 3691 - 3698. Let i(u) = -u**2 - 24*u - 125. What is i(s)?
-6
Le